{"id":261,"date":"2020-09-15T08:51:57","date_gmt":"2020-09-15T08:51:57","guid":{"rendered":"https:\/\/nobird.com\/?post_type=product&#038;p=261"},"modified":"2025-04-14T13:20:53","modified_gmt":"2025-04-14T13:20:53","slug":"no-birds-lintuestekisko","status":"publish","type":"product","link":"https:\/\/nobird.com\/?product=no-birds-lintuestekisko","title":{"rendered":"NO BIRDS -LINTUESTEKISKO"},"content":{"rendered":"<h3 class=\"\" data-start=\"143\" data-end=\"177\"><strong data-start=\"147\" data-end=\"175\">No Birds -lintuestekisko<\/strong><\/h3>\n<p class=\"\" data-start=\"178\" data-end=\"241\"><strong data-start=\"178\" data-end=\"241\">\u00c4\u00e4rimm\u00e4ist\u00e4 kest\u00e4vyytt\u00e4, luotettavaa suojaa \u2013 ymp\u00e4ri vuoden<\/strong><\/p>\n<p class=\"\" data-start=\"243\" data-end=\"566\">No Birds -lintuestekisko on kehitetty vaativimpiin s\u00e4\u00e4- ja k\u00e4ytt\u00f6olosuhteisiin. Se kest\u00e4\u00e4 uskomattomia l\u00e4mp\u00f6tilavaihteluita \u2013 pakkasta jopa <strong data-start=\"383\" data-end=\"393\">-45 \u00b0C<\/strong> ja paahtavaa kuumuutta aina <strong data-start=\"422\" data-end=\"433\">+100 \u00b0C<\/strong> saakka. Olipa kohde napapiirin pohjoispuolella tai helteisell\u00e4 kattopinnalla, No Birds -kisko toimii luotettavasti vuodesta toiseen.<\/p>\n<h4 class=\"\" data-start=\"568\" data-end=\"602\">Miksi valita No Birds -kisko?<\/h4>\n<p class=\"\" data-start=\"604\" data-end=\"961\">\u2705 <strong data-start=\"606\" data-end=\"640\">Markkinoiden kest\u00e4vin ratkaisu<\/strong> \u2013 suunniteltu \u00e4\u00e4rimm\u00e4isiin olosuhteisiin<br data-start=\"681\" data-end=\"684\" \/>\u2705 <strong data-start=\"686\" data-end=\"714\">S\u00e4\u00e4nkest\u00e4v\u00e4t materiaalit<\/strong> \u2013 ei haurastu, ei ruostu<br data-start=\"739\" data-end=\"742\" \/>\u2705 <strong data-start=\"744\" data-end=\"781\">Monipuoliset kiinnitysvaihtoehdot<\/strong> \u2013 liimaus, ruuvit, popniitit, nippuside jne.<br data-start=\"815\" data-end=\"818\" \/>\u2705 <strong data-start=\"820\" data-end=\"851\">Pitk\u00e4ik\u00e4inen ja huoltovapaa<\/strong> \u2013 oikeilla kiinnikkeill\u00e4 jopa vuosikymmenten suoja<br data-start=\"902\" data-end=\"905\" \/>\u2705 <strong data-start=\"907\" data-end=\"959\">Soveltuu kaikenlaisiin rakennuksiin ja pintoihin<\/strong><\/p>\n<p class=\"\" data-start=\"963\" data-end=\"1188\">Asennuksessa voit valita juuri kohteeseen sopivan kiinnitystavan. Muistathan varmistaa, ett\u00e4 k\u00e4ytett\u00e4v\u00e4t liimat tai kiinnikkeet t\u00e4ytt\u00e4v\u00e4t samat laatuvaatimukset kuin itse kisko \u2013 n\u00e4in varmistat koko ratkaisun pitk\u00e4ik\u00e4isyyden.<\/p>\n<p class=\"\" data-start=\"1190\" data-end=\"1255\"><strong data-start=\"1190\" data-end=\"1255\">No Birds -lintuestekisko \u2013 kun haluat varmuutta, joka kest\u00e4\u00e4.<\/strong><\/p>\n<h2>Video lintuestekiskon ka\u0308ytto\u0308ohje ja kiinnitys vaihtoehdot:<\/h2>\n<div style=\"width: 800px;\" class=\"wp-video\"><!--[if lt IE 9]><script>document.createElement('video');<\/script><![endif]-->\n<video class=\"wp-video-shortcode\" id=\"video-261-1\" width=\"800\" height=\"450\" preload=\"metadata\" controls=\"controls\"><source type=\"video\/mp4\" src=\"https:\/\/nobird.com\/wp-content\/uploads\/2025\/02\/NoBirdsvideo2025-1.mp4?_=1\" \/><a href=\"https:\/\/nobird.com\/wp-content\/uploads\/2025\/02\/NoBirdsvideo2025-1.mp4\">https:\/\/nobird.com\/wp-content\/uploads\/2025\/02\/NoBirdsvideo2025-1.mp4<\/a><\/video><\/div>\n<p>&nbsp;<\/p>\n<p><a style=\"cursor: pointer !important; user-select: none !important;\" href=\"https:\/\/nobird.com\/wp-content\/uploads\/2021\/04\/nobirds_RTkortti_HIRES.pdf\">Tuoteseloste: PDF muodossa (Suomi)<\/a><\/p>\n<p><a style=\"cursor: pointer !important; user-select: none !important;\" href=\"https:\/\/nobird.com\/wp-content\/uploads\/2021\/04\/birdbarrier_eng.pdf\">Tuoteseloste: PDF muodossa (English)<\/a><\/p>\n<h2><span style=\"color: #ff0000;\"><a style=\"color: #ff0000;\" href=\"https:\/\/nobird.com\/wp-content\/uploads\/2025\/03\/No-Birds-Lintueste-2025.pdf\">RT-Tuotekortti<\/a><\/span><\/h2>\n<p><a href=\"https:\/\/nobird.com\/?page_id=392\">K\u00e4ytt\u00f6esimerkkej\u00e4<\/a><\/p>\n<h2><\/h2>\n<h2><a href=\"https:\/\/nobird.com\/?page_id=153\"><strong>Pyyd\u00e4 lis\u00e4tietoja!<\/strong><\/a><\/h2>\n<div style=\"position: fixed; top: 4px; right: 4px; color: black; background-color: #ffff80; font-family: 'Lucida Console', 'Courier New', Mono; text-align: right; max-width: 600px; font-size: 80%;\"><\/div>\n<div style=\"position: fixed; top: 4px; right: 4px; color: black; background-color: #ffff80; font-family: 'Lucida Console', 'Courier New', Mono; text-align: right; max-width: 600px; font-size: 80%;\"><\/div>\n<div style=\"position: fixed; top: 4px; right: 4px; color: black; background-color: #ffff80; font-family: 'Lucida Console', 'Courier New', Mono; text-align: right; max-width: 600px; font-size: 80%;\"><\/div>\n<div style=\"position: fixed; top: 4px; right: 4px; color: black; background-color: #ffff80; font-family: 'Lucida Console', 'Courier New', Mono; text-align: right; max-width: 600px; font-size: 80%;\"><\/div>\n","protected":false},"excerpt":{"rendered":"<h3>Model HL 273 &amp; 750 \/40 \/ S130<\/h3>\n<table class=\"taulukko\" border=\"0\">\n<tbody>\n<tr>\n<td>Pohja:<\/td>\n<td>Meriveden kest\u00e4v\u00e4\u00e4 alumiinia<\/td>\n<\/tr>\n<tr>\n<td>Piikit:<\/td>\n<td>Ruostumatonta ter\u00e4st\u00e4<\/td>\n<\/tr>\n<tr>\n<td>Kiskon pituus:<\/td>\n<td>273 mm\u00a0 \/ \u00a0750 mm<\/td>\n<\/tr>\n<tr>\n<td>Pohjan leveys:<\/td>\n<td>40 mm<\/td>\n<\/tr>\n<tr>\n<td>Piikin pituus:<\/td>\n<td>130 mm<\/td>\n<\/tr>\n<tr>\n<td>Pohjan paino:<\/td>\n<td>62 g \/ 150 g<\/td>\n<\/tr>\n<tr>\n<td colspan=\"2\">Piikkej\u00e4 per kisko 16 kpl \/ 44 kpl<\/td>\n<\/tr>\n<\/tbody>\n<\/table>\n<p>&nbsp;<\/p>\n<p>Hinta: 14,90 \u20ac \/ 1 metri (Alv 0%).<\/p>\n<p>Kaksi pituusvaihtoehtoa.<\/p>\n<p>&nbsp;<\/p>\n<p>Kysy tarjous \u20ac \/ &gt;100 m<\/p>\n<h2><a href=\"https:\/\/nobird.com\/?page_id=153\"><strong>Pyyd\u00e4 lis\u00e4tietoja!<\/strong><\/a><\/h2>\n<p>Voimme toimittaa my\u00f6s kumpaakin mittaa tarpeesi mukaan<\/p>\n<div style=\"position: fixed; top: 4px; right: 4px; color: black; background-color: #ffff80; font-family: 'Lucida Console', 'Courier New', Mono; text-align: right; max-width: 600px; font-size: 80%;\"><\/div>\n<div style=\"position: fixed; top: 4px; right: 4px; color: black; background-color: #ffff80; font-family: 'Lucida Console', 'Courier New', Mono; text-align: right; max-width: 600px; font-size: 80%;\"><\/div>\n<div style=\"position: fixed; top: 4px; right: 4px; color: black; background-color: #ffff80; font-family: 'Lucida Console', 'Courier New', Mono; text-align: right; max-width: 600px; font-size: 80%;\"><\/div>\n","protected":false},"featured_media":527,"template":"","meta":[],"product_brand":[],"product_cat":[42],"product_tag":[45,46,34],"class_list":{"0":"post-261","1":"product","2":"type-product","3":"status-publish","4":"has-post-thumbnail","6":"product_cat-estekiskot","7":"product_tag-lintueste","8":"product_tag-lintuestekisko","9":"product_tag-lintutorjunta","11":"first","12":"instock","13":"taxable","14":"shipping-taxable","15":"purchasable","16":"product-type-variable"},"yoast_head":"<!-- This site is optimized with the Yoast SEO plugin v27.5 - https:\/\/yoast.com\/product\/yoast-seo-wordpress\/ -->\n<title>NO BIRDS -LINTUESTEKISKO - No Birds - Bird Control Products<\/title>\n<meta name=\"robots\" content=\"index, follow, max-snippet:-1, max-image-preview:large, max-video-preview:-1\" \/>\n<link rel=\"canonical\" href=\"https:\/\/nobird.com\/?product=no-birds-lintuestekisko\" \/>\n<meta property=\"og:locale\" content=\"fi_FI\" \/>\n<meta property=\"og:type\" content=\"article\" \/>\n<meta property=\"og:title\" content=\"NO BIRDS -LINTUESTEKISKO - No Birds - Bird Control Products\" \/>\n<meta property=\"og:description\" content=\"Model HL 273 &amp; 750 \/40 \/ S130    Pohja: Meriveden kest\u00e4v\u00e4\u00e4 alumiinia   Piikit: Ruostumatonta ter\u00e4st\u00e4   Kiskon pituus: 273 mm\u00a0 \/ \u00a0750 mm   Pohjan leveys: 40 mm   Piikin pituus: 130 mm   Pohjan paino: 62 g \/ 150 g   Piikkej\u00e4 per kisko 16 kpl \/ 44 kpl    &nbsp;  Hinta: 14,90 \u20ac \/ 1 metri (Alv 0%).  Kaksi pituusvaihtoehtoa.  &nbsp;  Kysy tarjous \u20ac \/ &gt;100 m Pyyd\u00e4 lis\u00e4tietoja! Voimme toimittaa my\u00f6s kumpaakin mittaa tarpeesi mukaan\" \/>\n<meta property=\"og:url\" content=\"https:\/\/nobird.com\/?product=no-birds-lintuestekisko\" \/>\n<meta property=\"og:site_name\" content=\"No Birds - Bird Control Products\" \/>\n<meta property=\"article:modified_time\" content=\"2025-04-14T13:20:53+00:00\" \/>\n<meta property=\"og:image\" content=\"https:\/\/nobird.com\/wp-content\/uploads\/2020\/09\/Piikki2.jpg\" \/>\n\t<meta property=\"og:image:width\" content=\"694\" \/>\n\t<meta property=\"og:image:height\" content=\"630\" \/>\n\t<meta property=\"og:image:type\" content=\"image\/jpeg\" \/>\n<meta name=\"twitter:card\" content=\"summary_large_image\" \/>\n<meta name=\"twitter:label1\" content=\"Arvioitu lukuaika\" \/>\n\t<meta name=\"twitter:data1\" content=\"2 minuuttia\" \/>\n<script type=\"application\/ld+json\" class=\"yoast-schema-graph\">{\"@context\":\"https:\\\/\\\/schema.org\",\"@graph\":[{\"@type\":\"WebPage\",\"@id\":\"https:\\\/\\\/nobird.com\\\/?product=no-birds-lintuestekisko\",\"url\":\"https:\\\/\\\/nobird.com\\\/?product=no-birds-lintuestekisko\",\"name\":\"NO BIRDS -LINTUESTEKISKO - No Birds - Bird Control Products\",\"isPartOf\":{\"@id\":\"https:\\\/\\\/nobird.com\\\/#website\"},\"primaryImageOfPage\":{\"@id\":\"https:\\\/\\\/nobird.com\\\/?product=no-birds-lintuestekisko#primaryimage\"},\"image\":{\"@id\":\"https:\\\/\\\/nobird.com\\\/?product=no-birds-lintuestekisko#primaryimage\"},\"thumbnailUrl\":\"https:\\\/\\\/nobird.com\\\/wp-content\\\/uploads\\\/2020\\\/09\\\/Piikki2.jpg\",\"datePublished\":\"2020-09-15T08:51:57+00:00\",\"dateModified\":\"2025-04-14T13:20:53+00:00\",\"breadcrumb\":{\"@id\":\"https:\\\/\\\/nobird.com\\\/?product=no-birds-lintuestekisko#breadcrumb\"},\"inLanguage\":\"fi\",\"potentialAction\":[{\"@type\":\"ReadAction\",\"target\":[\"https:\\\/\\\/nobird.com\\\/?product=no-birds-lintuestekisko\"]}]},{\"@type\":\"ImageObject\",\"inLanguage\":\"fi\",\"@id\":\"https:\\\/\\\/nobird.com\\\/?product=no-birds-lintuestekisko#primaryimage\",\"url\":\"https:\\\/\\\/nobird.com\\\/wp-content\\\/uploads\\\/2020\\\/09\\\/Piikki2.jpg\",\"contentUrl\":\"https:\\\/\\\/nobird.com\\\/wp-content\\\/uploads\\\/2020\\\/09\\\/Piikki2.jpg\",\"width\":694,\"height\":630},{\"@type\":\"BreadcrumbList\",\"@id\":\"https:\\\/\\\/nobird.com\\\/?product=no-birds-lintuestekisko#breadcrumb\",\"itemListElement\":[{\"@type\":\"ListItem\",\"position\":1,\"name\":\"Home\",\"item\":\"https:\\\/\\\/nobird.com\\\/\"},{\"@type\":\"ListItem\",\"position\":2,\"name\":\"Kauppa\",\"item\":\"https:\\\/\\\/nobird.com\\\/?page_id=868\"},{\"@type\":\"ListItem\",\"position\":3,\"name\":\"NO BIRDS -LINTUESTEKISKO\"}]},{\"@type\":\"WebSite\",\"@id\":\"https:\\\/\\\/nobird.com\\\/#website\",\"url\":\"https:\\\/\\\/nobird.com\\\/\",\"name\":\"No Birds - Bird Control Products\",\"description\":\"\",\"publisher\":{\"@id\":\"https:\\\/\\\/nobird.com\\\/#organization\"},\"potentialAction\":[{\"@type\":\"SearchAction\",\"target\":{\"@type\":\"EntryPoint\",\"urlTemplate\":\"https:\\\/\\\/nobird.com\\\/?s={search_term_string}\"},\"query-input\":{\"@type\":\"PropertyValueSpecification\",\"valueRequired\":true,\"valueName\":\"search_term_string\"}}],\"inLanguage\":\"fi\"},{\"@type\":\"Organization\",\"@id\":\"https:\\\/\\\/nobird.com\\\/#organization\",\"name\":\"No Birds - Bird Control Products\",\"url\":\"https:\\\/\\\/nobird.com\\\/\",\"logo\":{\"@type\":\"ImageObject\",\"inLanguage\":\"fi\",\"@id\":\"https:\\\/\\\/nobird.com\\\/#\\\/schema\\\/logo\\\/image\\\/\",\"url\":\"https:\\\/\\\/nobird.com\\\/wp-content\\\/uploads\\\/2020\\\/09\\\/cropped-logo-2.png\",\"contentUrl\":\"https:\\\/\\\/nobird.com\\\/wp-content\\\/uploads\\\/2020\\\/09\\\/cropped-logo-2.png\",\"width\":282,\"height\":75,\"caption\":\"No Birds - Bird Control Products\"},\"image\":{\"@id\":\"https:\\\/\\\/nobird.com\\\/#\\\/schema\\\/logo\\\/image\\\/\"}}]}<\/script>\n<!-- \/ Yoast SEO plugin. -->","yoast_head_json":{"title":"NO BIRDS -LINTUESTEKISKO - No Birds - Bird Control Products","robots":{"index":"index","follow":"follow","max-snippet":"max-snippet:-1","max-image-preview":"max-image-preview:large","max-video-preview":"max-video-preview:-1"},"canonical":"https:\/\/nobird.com\/?product=no-birds-lintuestekisko","og_locale":"fi_FI","og_type":"article","og_title":"NO BIRDS -LINTUESTEKISKO - No Birds - Bird Control Products","og_description":"Model HL 273 &amp; 750 \/40 \/ S130    Pohja: Meriveden kest\u00e4v\u00e4\u00e4 alumiinia   Piikit: Ruostumatonta ter\u00e4st\u00e4   Kiskon pituus: 273 mm\u00a0 \/ \u00a0750 mm   Pohjan leveys: 40 mm   Piikin pituus: 130 mm   Pohjan paino: 62 g \/ 150 g   Piikkej\u00e4 per kisko 16 kpl \/ 44 kpl    &nbsp;  Hinta: 14,90 \u20ac \/ 1 metri (Alv 0%).  Kaksi pituusvaihtoehtoa.  &nbsp;  Kysy tarjous \u20ac \/ &gt;100 m Pyyd\u00e4 lis\u00e4tietoja! Voimme toimittaa my\u00f6s kumpaakin mittaa tarpeesi mukaan","og_url":"https:\/\/nobird.com\/?product=no-birds-lintuestekisko","og_site_name":"No Birds - Bird Control Products","article_modified_time":"2025-04-14T13:20:53+00:00","og_image":[{"width":694,"height":630,"url":"https:\/\/nobird.com\/wp-content\/uploads\/2020\/09\/Piikki2.jpg","type":"image\/jpeg"}],"twitter_card":"summary_large_image","twitter_misc":{"Arvioitu lukuaika":"2 minuuttia"},"schema":{"@context":"https:\/\/schema.org","@graph":[{"@type":"WebPage","@id":"https:\/\/nobird.com\/?product=no-birds-lintuestekisko","url":"https:\/\/nobird.com\/?product=no-birds-lintuestekisko","name":"NO BIRDS -LINTUESTEKISKO - No Birds - Bird Control Products","isPartOf":{"@id":"https:\/\/nobird.com\/#website"},"primaryImageOfPage":{"@id":"https:\/\/nobird.com\/?product=no-birds-lintuestekisko#primaryimage"},"image":{"@id":"https:\/\/nobird.com\/?product=no-birds-lintuestekisko#primaryimage"},"thumbnailUrl":"https:\/\/nobird.com\/wp-content\/uploads\/2020\/09\/Piikki2.jpg","datePublished":"2020-09-15T08:51:57+00:00","dateModified":"2025-04-14T13:20:53+00:00","breadcrumb":{"@id":"https:\/\/nobird.com\/?product=no-birds-lintuestekisko#breadcrumb"},"inLanguage":"fi","potentialAction":[{"@type":"ReadAction","target":["https:\/\/nobird.com\/?product=no-birds-lintuestekisko"]}]},{"@type":"ImageObject","inLanguage":"fi","@id":"https:\/\/nobird.com\/?product=no-birds-lintuestekisko#primaryimage","url":"https:\/\/nobird.com\/wp-content\/uploads\/2020\/09\/Piikki2.jpg","contentUrl":"https:\/\/nobird.com\/wp-content\/uploads\/2020\/09\/Piikki2.jpg","width":694,"height":630},{"@type":"BreadcrumbList","@id":"https:\/\/nobird.com\/?product=no-birds-lintuestekisko#breadcrumb","itemListElement":[{"@type":"ListItem","position":1,"name":"Home","item":"https:\/\/nobird.com\/"},{"@type":"ListItem","position":2,"name":"Kauppa","item":"https:\/\/nobird.com\/?page_id=868"},{"@type":"ListItem","position":3,"name":"NO BIRDS -LINTUESTEKISKO"}]},{"@type":"WebSite","@id":"https:\/\/nobird.com\/#website","url":"https:\/\/nobird.com\/","name":"No Birds - Bird Control Products","description":"","publisher":{"@id":"https:\/\/nobird.com\/#organization"},"potentialAction":[{"@type":"SearchAction","target":{"@type":"EntryPoint","urlTemplate":"https:\/\/nobird.com\/?s={search_term_string}"},"query-input":{"@type":"PropertyValueSpecification","valueRequired":true,"valueName":"search_term_string"}}],"inLanguage":"fi"},{"@type":"Organization","@id":"https:\/\/nobird.com\/#organization","name":"No Birds - Bird Control Products","url":"https:\/\/nobird.com\/","logo":{"@type":"ImageObject","inLanguage":"fi","@id":"https:\/\/nobird.com\/#\/schema\/logo\/image\/","url":"https:\/\/nobird.com\/wp-content\/uploads\/2020\/09\/cropped-logo-2.png","contentUrl":"https:\/\/nobird.com\/wp-content\/uploads\/2020\/09\/cropped-logo-2.png","width":282,"height":75,"caption":"No Birds - Bird Control Products"},"image":{"@id":"https:\/\/nobird.com\/#\/schema\/logo\/image\/"}}]}},"_links":{"self":[{"href":"https:\/\/nobird.com\/index.php?rest_route=\/wp\/v2\/product\/261","targetHints":{"allow":["GET"]}}],"collection":[{"href":"https:\/\/nobird.com\/index.php?rest_route=\/wp\/v2\/product"}],"about":[{"href":"https:\/\/nobird.com\/index.php?rest_route=\/wp\/v2\/types\/product"}],"wp:featuredmedia":[{"embeddable":true,"href":"https:\/\/nobird.com\/index.php?rest_route=\/wp\/v2\/media\/527"}],"wp:attachment":[{"href":"https:\/\/nobird.com\/index.php?rest_route=%2Fwp%2Fv2%2Fmedia&parent=261"}],"wp:term":[{"taxonomy":"product_brand","embeddable":true,"href":"https:\/\/nobird.com\/index.php?rest_route=%2Fwp%2Fv2%2Fproduct_brand&post=261"},{"taxonomy":"product_cat","embeddable":true,"href":"https:\/\/nobird.com\/index.php?rest_route=%2Fwp%2Fv2%2Fproduct_cat&post=261"},{"taxonomy":"product_tag","embeddable":true,"href":"https:\/\/nobird.com\/index.php?rest_route=%2Fwp%2Fv2%2Fproduct_tag&post=261"}],"curies":[{"name":"wp","href":"https:\/\/api.w.org\/{rel}","templated":true}]}}