{"id":786,"date":"2024-07-20T17:54:28","date_gmt":"2024-07-20T17:54:28","guid":{"rendered":"https:\/\/nobird.com\/?page_id=786"},"modified":"2025-02-27T08:25:48","modified_gmt":"2025-02-27T08:25:48","slug":"no-birds-oy","status":"publish","type":"page","link":"https:\/\/nobird.com\/","title":{"rendered":"No Birds Oy"},"content":{"rendered":"\t\t<div data-elementor-type=\"wp-page\" data-elementor-id=\"786\" class=\"elementor elementor-786\">\n\t\t\t\t\t\t<section class=\"elementor-section elementor-top-section elementor-element elementor-element-182f7218 elementor-section-content-middle elementor-section-height-min-height elementor-section-boxed elementor-section-height-default elementor-section-items-middle\" data-id=\"182f7218\" data-element_type=\"section\" data-e-type=\"section\" data-settings=\"{&quot;background_background&quot;:&quot;classic&quot;}\">\n\t\t\t\t\t\t\t<div class=\"elementor-background-overlay\"><\/div>\n\t\t\t\t\t\t\t<div class=\"elementor-container elementor-column-gap-wide\">\n\t\t\t\t\t<div class=\"elementor-column elementor-col-33 elementor-top-column elementor-element elementor-element-4e8ae62b\" data-id=\"4e8ae62b\" data-element_type=\"column\" data-e-type=\"column\">\n\t\t\t<div class=\"elementor-widget-wrap elementor-element-populated\">\n\t\t\t\t\t\t<div class=\"elementor-element elementor-element-78626960 elementor-widget__width-initial elementor-widget elementor-widget-heading\" data-id=\"78626960\" data-element_type=\"widget\" data-e-type=\"widget\" data-widget_type=\"heading.default\">\n\t\t\t\t<div class=\"elementor-widget-container\">\n\t\t\t\t\t<h2 class=\"elementor-heading-title elementor-size-default\">Kotimaiset tuotteet<\/h2>\t\t\t\t<\/div>\n\t\t\t\t<\/div>\n\t\t\t\t<div class=\"elementor-element elementor-element-023030d elementor-widget elementor-widget-spacer\" data-id=\"023030d\" data-element_type=\"widget\" data-e-type=\"widget\" data-widget_type=\"spacer.default\">\n\t\t\t\t<div class=\"elementor-widget-container\">\n\t\t\t\t\t\t\t<div class=\"elementor-spacer\">\n\t\t\t<div class=\"elementor-spacer-inner\"><\/div>\n\t\t<\/div>\n\t\t\t\t\t\t<\/div>\n\t\t\t\t<\/div>\n\t\t\t\t<div class=\"elementor-element elementor-element-29b1816b elementor-widget elementor-widget-text-editor\" data-id=\"29b1816b\" data-element_type=\"widget\" data-e-type=\"widget\" data-widget_type=\"text-editor.default\">\n\t\t\t\t<div class=\"elementor-widget-container\">\n\t\t\t\t\t\t\t\t\t<p data-start=\"0\" data-end=\"220\"><b>No Birds<\/b> \u2013tuotteiden avulla pid\u00e4t br\u00e4ndisi ja n\u00e4kyvyytesi puhtaana ja kirkkaana. Tuotteiden avulla saadaan lintujen aiheuttamien vahinkojen siivouskustannukset kuriin ja hygieniataso korkeimmalle mahdolliselle tasolle.<\/p>\n<p data-start=\"222\" data-end=\"559\" data-is-last-node=\"\" data-is-only-node=\"\"><b>Lintuestekisko<\/b> ja <b>Oravaeste<\/b> ovat ymp\u00e4rist\u00f6yst\u00e4v\u00e4llisi\u00e4 ja ekologisia ratkaisuja, jotka auttavat ehk\u00e4isem\u00e4\u00e4n lintujen ja oravien aiheuttamia haittoja vahingoittamatta el\u00e4imi\u00e4 tai ymp\u00e4rist\u00f6\u00e4. N\u00e4iden esteiden avulla voidaan suojata rakennuksia, rakenteita ja julkisivuja tehokkaasti, v\u00e4hent\u00e4en samalla siivous- ja yll\u00e4pitokustannuksia.<\/p>\t\t\t\t\t\t\t\t<\/div>\n\t\t\t\t<\/div>\n\t\t\t\t<div class=\"elementor-element elementor-element-85ca554 elementor-align-left elementor-mobile-align-center elementor-widget elementor-widget-button\" data-id=\"85ca554\" data-element_type=\"widget\" data-e-type=\"widget\" data-widget_type=\"button.default\">\n\t\t\t\t<div class=\"elementor-widget-container\">\n\t\t\t\t\t\t\t\t\t<div class=\"elementor-button-wrapper\">\n\t\t\t\t\t<a class=\"elementor-button elementor-button-link elementor-size-sm elementor-animation-grow\" href=\"https:\/\/nobird.com\/?page_id=868\">\n\t\t\t\t\t\t<span class=\"elementor-button-content-wrapper\">\n\t\t\t\t\t\t\t\t\t<span class=\"elementor-button-text\">KATSO LIS\u00c4\u00c4<\/span>\n\t\t\t\t\t<\/span>\n\t\t\t\t\t<\/a>\n\t\t\t\t<\/div>\n\t\t\t\t\t\t\t\t<\/div>\n\t\t\t\t<\/div>\n\t\t\t\t\t<\/div>\n\t\t<\/div>\n\t\t\t\t<div class=\"elementor-column elementor-col-33 elementor-top-column elementor-element elementor-element-385bc8c0\" data-id=\"385bc8c0\" data-element_type=\"column\" data-e-type=\"column\">\n\t\t\t<div class=\"elementor-widget-wrap elementor-element-populated\">\n\t\t\t\t\t\t<div class=\"elementor-element elementor-element-fc1e561 elementor-widget elementor-widget-image\" data-id=\"fc1e561\" data-element_type=\"widget\" data-e-type=\"widget\" data-widget_type=\"image.default\">\n\t\t\t\t<div class=\"elementor-widget-container\">\n\t\t\t\t\t\t\t\t\t\t\t\t\t\t\t\t<a href=\"https:\/\/nobird.com\/?product=no-birds-lintuestekisko\">\n\t\t\t\t\t\t\t<img fetchpriority=\"high\" decoding=\"async\" width=\"788\" height=\"456\" src=\"https:\/\/nobird.com\/wp-content\/uploads\/2025\/02\/Lintuestekisko-blankko_3_11zon.jpg\" class=\"attachment-large size-large wp-image-1019\" alt=\"\" srcset=\"https:\/\/nobird.com\/wp-content\/uploads\/2025\/02\/Lintuestekisko-blankko_3_11zon.jpg 788w, https:\/\/nobird.com\/wp-content\/uploads\/2025\/02\/Lintuestekisko-blankko_3_11zon-300x174.jpg 300w, https:\/\/nobird.com\/wp-content\/uploads\/2025\/02\/Lintuestekisko-blankko_3_11zon-768x444.jpg 768w, https:\/\/nobird.com\/wp-content\/uploads\/2025\/02\/Lintuestekisko-blankko_3_11zon-600x347.jpg 600w\" sizes=\"(max-width: 788px) 100vw, 788px\" \/>\t\t\t\t\t\t\t\t<\/a>\n\t\t\t\t\t\t\t\t\t\t\t\t\t\t\t<\/div>\n\t\t\t\t<\/div>\n\t\t\t\t<div class=\"elementor-element elementor-element-a7448c4 elementor-widget elementor-widget-image\" data-id=\"a7448c4\" data-element_type=\"widget\" data-e-type=\"widget\" data-widget_type=\"image.default\">\n\t\t\t\t<div class=\"elementor-widget-container\">\n\t\t\t\t\t\t\t\t\t\t\t\t<figure class=\"wp-caption\">\n\t\t\t\t\t\t\t\t\t\t\t<a href=\"https:\/\/nobird.com\/?product=no-birds-lintuestekisko\">\n\t\t\t\t\t\t\t<img decoding=\"async\" width=\"788\" height=\"462\" src=\"https:\/\/nobird.com\/wp-content\/uploads\/2025\/02\/Lintuestekisko-kasi-5.jpg\" class=\"attachment-large size-large wp-image-1018\" alt=\"\" srcset=\"https:\/\/nobird.com\/wp-content\/uploads\/2025\/02\/Lintuestekisko-kasi-5.jpg 788w, https:\/\/nobird.com\/wp-content\/uploads\/2025\/02\/Lintuestekisko-kasi-5-300x176.jpg 300w, https:\/\/nobird.com\/wp-content\/uploads\/2025\/02\/Lintuestekisko-kasi-5-768x450.jpg 768w, https:\/\/nobird.com\/wp-content\/uploads\/2025\/02\/Lintuestekisko-kasi-5-600x352.jpg 600w\" sizes=\"(max-width: 788px) 100vw, 788px\" \/>\t\t\t\t\t\t\t\t<\/a>\n\t\t\t\t\t\t\t\t\t\t\t<figcaption class=\"widget-image-caption wp-caption-text\">Lintuestekisko<\/figcaption>\n\t\t\t\t\t\t\t\t\t\t<\/figure>\n\t\t\t\t\t\t\t\t\t<\/div>\n\t\t\t\t<\/div>\n\t\t\t\t\t<\/div>\n\t\t<\/div>\n\t\t\t\t<div class=\"elementor-column elementor-col-33 elementor-top-column elementor-element elementor-element-92d8827\" data-id=\"92d8827\" data-element_type=\"column\" data-e-type=\"column\">\n\t\t\t<div class=\"elementor-widget-wrap elementor-element-populated\">\n\t\t\t\t\t\t<div class=\"elementor-element elementor-element-93b628d elementor-widget elementor-widget-image\" data-id=\"93b628d\" data-element_type=\"widget\" data-e-type=\"widget\" data-widget_type=\"image.default\">\n\t\t\t\t<div class=\"elementor-widget-container\">\n\t\t\t\t\t\t\t\t\t\t\t\t\t\t\t\t<a href=\"https:\/\/nobird.com\/?product=no-birds-oravaeste\">\n\t\t\t\t\t\t\t<img decoding=\"async\" width=\"788\" height=\"600\" src=\"https:\/\/nobird.com\/wp-content\/uploads\/2025\/02\/oravaestekuva-logolla-copy_1_11zon.jpg\" class=\"attachment-large size-large wp-image-1020\" alt=\"\" srcset=\"https:\/\/nobird.com\/wp-content\/uploads\/2025\/02\/oravaestekuva-logolla-copy_1_11zon.jpg 788w, https:\/\/nobird.com\/wp-content\/uploads\/2025\/02\/oravaestekuva-logolla-copy_1_11zon-300x228.jpg 300w, https:\/\/nobird.com\/wp-content\/uploads\/2025\/02\/oravaestekuva-logolla-copy_1_11zon-768x585.jpg 768w, https:\/\/nobird.com\/wp-content\/uploads\/2025\/02\/oravaestekuva-logolla-copy_1_11zon-600x457.jpg 600w\" sizes=\"(max-width: 788px) 100vw, 788px\" \/>\t\t\t\t\t\t\t\t<\/a>\n\t\t\t\t\t\t\t\t\t\t\t\t\t\t\t<\/div>\n\t\t\t\t<\/div>\n\t\t\t\t<div class=\"elementor-element elementor-element-d23a22f elementor-widget elementor-widget-image\" data-id=\"d23a22f\" data-element_type=\"widget\" data-e-type=\"widget\" data-widget_type=\"image.default\">\n\t\t\t\t<div class=\"elementor-widget-container\">\n\t\t\t\t\t\t\t\t\t\t\t\t<figure class=\"wp-caption\">\n\t\t\t\t\t\t\t\t\t\t\t<a href=\"https:\/\/nobird.com\/?product=no-birds-oravaeste\">\n\t\t\t\t\t\t\t<img loading=\"lazy\" decoding=\"async\" width=\"788\" height=\"610\" src=\"https:\/\/nobird.com\/wp-content\/uploads\/2025\/02\/Oravaeste-raystas_2.jpg\" class=\"attachment-large size-large wp-image-1021\" alt=\"\" srcset=\"https:\/\/nobird.com\/wp-content\/uploads\/2025\/02\/Oravaeste-raystas_2.jpg 788w, https:\/\/nobird.com\/wp-content\/uploads\/2025\/02\/Oravaeste-raystas_2-300x232.jpg 300w, https:\/\/nobird.com\/wp-content\/uploads\/2025\/02\/Oravaeste-raystas_2-768x595.jpg 768w, https:\/\/nobird.com\/wp-content\/uploads\/2025\/02\/Oravaeste-raystas_2-600x464.jpg 600w\" sizes=\"(max-width: 788px) 100vw, 788px\" \/>\t\t\t\t\t\t\t\t<\/a>\n\t\t\t\t\t\t\t\t\t\t\t<figcaption class=\"widget-image-caption wp-caption-text\">Oravaeste<\/figcaption>\n\t\t\t\t\t\t\t\t\t\t<\/figure>\n\t\t\t\t\t\t\t\t\t<\/div>\n\t\t\t\t<\/div>\n\t\t\t\t\t<\/div>\n\t\t<\/div>\n\t\t\t\t\t<\/div>\n\t\t<\/section>\n\t\t\t\t<\/div>\n\t\t","protected":false},"excerpt":{"rendered":"<p>Kotimaiset tuotteet No Birds \u2013tuotteiden avulla pid\u00e4t br\u00e4ndisi ja n\u00e4kyvyytesi puhtaana ja kirkkaana. Tuotteiden avulla saadaan lintujen aiheuttamien vahinkojen siivouskustannukset kuriin ja hygieniataso korkeimmalle mahdolliselle tasolle. Lintuestekisko ja Oravaeste ovat ymp\u00e4rist\u00f6yst\u00e4v\u00e4llisi\u00e4 ja ekologisia ratkaisuja, jotka auttavat ehk\u00e4isem\u00e4\u00e4n lintujen ja oravien aiheuttamia haittoja vahingoittamatta el\u00e4imi\u00e4 tai ymp\u00e4rist\u00f6\u00e4. N\u00e4iden esteiden avulla voidaan suojata rakennuksia, rakenteita ja julkisivuja [&hellip;]<\/p>\n","protected":false},"author":2,"featured_media":0,"parent":0,"menu_order":0,"comment_status":"closed","ping_status":"closed","template":"","meta":{"footnotes":""},"class_list":["post-786","page","type-page","status-publish","hentry"],"yoast_head":"<!-- This site is optimized with the Yoast SEO plugin v27.5 - https:\/\/yoast.com\/product\/yoast-seo-wordpress\/ -->\n<title>No Birds Oy - No Birds - Bird Control Products<\/title>\n<meta name=\"robots\" content=\"index, follow, max-snippet:-1, max-image-preview:large, max-video-preview:-1\" \/>\n<link rel=\"canonical\" href=\"https:\/\/nobird.com\/\" \/>\n<meta property=\"og:locale\" content=\"fi_FI\" \/>\n<meta property=\"og:type\" content=\"article\" \/>\n<meta property=\"og:title\" content=\"No Birds Oy - No Birds - Bird Control Products\" \/>\n<meta property=\"og:description\" content=\"Kotimaiset tuotteet No Birds \u2013tuotteiden avulla pid\u00e4t br\u00e4ndisi ja n\u00e4kyvyytesi puhtaana ja kirkkaana. Tuotteiden avulla saadaan lintujen aiheuttamien vahinkojen siivouskustannukset kuriin ja hygieniataso korkeimmalle mahdolliselle tasolle. Lintuestekisko ja Oravaeste ovat ymp\u00e4rist\u00f6yst\u00e4v\u00e4llisi\u00e4 ja ekologisia ratkaisuja, jotka auttavat ehk\u00e4isem\u00e4\u00e4n lintujen ja oravien aiheuttamia haittoja vahingoittamatta el\u00e4imi\u00e4 tai ymp\u00e4rist\u00f6\u00e4. N\u00e4iden esteiden avulla voidaan suojata rakennuksia, rakenteita ja julkisivuja [&hellip;]\" \/>\n<meta property=\"og:url\" content=\"https:\/\/nobird.com\/\" \/>\n<meta property=\"og:site_name\" content=\"No Birds - Bird Control Products\" \/>\n<meta property=\"article:modified_time\" content=\"2025-02-27T08:25:48+00:00\" \/>\n<meta property=\"og:image\" content=\"https:\/\/nobird.com\/wp-content\/uploads\/2025\/02\/Lintuestekisko-blankko_3_11zon.jpg\" \/>\n\t<meta property=\"og:image:width\" content=\"788\" \/>\n\t<meta property=\"og:image:height\" content=\"456\" \/>\n\t<meta property=\"og:image:type\" content=\"image\/jpeg\" \/>\n<meta name=\"twitter:card\" content=\"summary_large_image\" \/>\n<meta name=\"twitter:label1\" content=\"Arvioitu lukuaika\" \/>\n\t<meta name=\"twitter:data1\" content=\"2 minuuttia\" \/>\n<script type=\"application\/ld+json\" class=\"yoast-schema-graph\">{\"@context\":\"https:\\\/\\\/schema.org\",\"@graph\":[{\"@type\":\"WebPage\",\"@id\":\"https:\\\/\\\/nobird.com\\\/\",\"url\":\"https:\\\/\\\/nobird.com\\\/\",\"name\":\"No Birds Oy - No Birds - Bird Control Products\",\"isPartOf\":{\"@id\":\"https:\\\/\\\/nobird.com\\\/#website\"},\"primaryImageOfPage\":{\"@id\":\"https:\\\/\\\/nobird.com\\\/#primaryimage\"},\"image\":{\"@id\":\"https:\\\/\\\/nobird.com\\\/#primaryimage\"},\"thumbnailUrl\":\"https:\\\/\\\/nobird.com\\\/wp-content\\\/uploads\\\/2025\\\/02\\\/Lintuestekisko-blankko_3_11zon.jpg\",\"datePublished\":\"2024-07-20T17:54:28+00:00\",\"dateModified\":\"2025-02-27T08:25:48+00:00\",\"breadcrumb\":{\"@id\":\"https:\\\/\\\/nobird.com\\\/#breadcrumb\"},\"inLanguage\":\"fi\",\"potentialAction\":[{\"@type\":\"ReadAction\",\"target\":[\"https:\\\/\\\/nobird.com\\\/\"]}]},{\"@type\":\"ImageObject\",\"inLanguage\":\"fi\",\"@id\":\"https:\\\/\\\/nobird.com\\\/#primaryimage\",\"url\":\"https:\\\/\\\/nobird.com\\\/wp-content\\\/uploads\\\/2025\\\/02\\\/Lintuestekisko-blankko_3_11zon.jpg\",\"contentUrl\":\"https:\\\/\\\/nobird.com\\\/wp-content\\\/uploads\\\/2025\\\/02\\\/Lintuestekisko-blankko_3_11zon.jpg\",\"width\":788,\"height\":456},{\"@type\":\"BreadcrumbList\",\"@id\":\"https:\\\/\\\/nobird.com\\\/#breadcrumb\",\"itemListElement\":[{\"@type\":\"ListItem\",\"position\":1,\"name\":\"Home\",\"item\":\"https:\\\/\\\/nobird.com\\\/\"},{\"@type\":\"ListItem\",\"position\":2,\"name\":\"No Birds Oy\"}]},{\"@type\":\"WebSite\",\"@id\":\"https:\\\/\\\/nobird.com\\\/#website\",\"url\":\"https:\\\/\\\/nobird.com\\\/\",\"name\":\"No Birds - Bird Control Products\",\"description\":\"\",\"publisher\":{\"@id\":\"https:\\\/\\\/nobird.com\\\/#organization\"},\"potentialAction\":[{\"@type\":\"SearchAction\",\"target\":{\"@type\":\"EntryPoint\",\"urlTemplate\":\"https:\\\/\\\/nobird.com\\\/?s={search_term_string}\"},\"query-input\":{\"@type\":\"PropertyValueSpecification\",\"valueRequired\":true,\"valueName\":\"search_term_string\"}}],\"inLanguage\":\"fi\"},{\"@type\":\"Organization\",\"@id\":\"https:\\\/\\\/nobird.com\\\/#organization\",\"name\":\"No Birds - Bird Control Products\",\"url\":\"https:\\\/\\\/nobird.com\\\/\",\"logo\":{\"@type\":\"ImageObject\",\"inLanguage\":\"fi\",\"@id\":\"https:\\\/\\\/nobird.com\\\/#\\\/schema\\\/logo\\\/image\\\/\",\"url\":\"https:\\\/\\\/nobird.com\\\/wp-content\\\/uploads\\\/2020\\\/09\\\/cropped-logo-2.png\",\"contentUrl\":\"https:\\\/\\\/nobird.com\\\/wp-content\\\/uploads\\\/2020\\\/09\\\/cropped-logo-2.png\",\"width\":282,\"height\":75,\"caption\":\"No Birds - Bird Control Products\"},\"image\":{\"@id\":\"https:\\\/\\\/nobird.com\\\/#\\\/schema\\\/logo\\\/image\\\/\"}}]}<\/script>\n<!-- \/ Yoast SEO plugin. -->","yoast_head_json":{"title":"No Birds Oy - No Birds - Bird Control Products","robots":{"index":"index","follow":"follow","max-snippet":"max-snippet:-1","max-image-preview":"max-image-preview:large","max-video-preview":"max-video-preview:-1"},"canonical":"https:\/\/nobird.com\/","og_locale":"fi_FI","og_type":"article","og_title":"No Birds Oy - No Birds - Bird Control Products","og_description":"Kotimaiset tuotteet No Birds \u2013tuotteiden avulla pid\u00e4t br\u00e4ndisi ja n\u00e4kyvyytesi puhtaana ja kirkkaana. Tuotteiden avulla saadaan lintujen aiheuttamien vahinkojen siivouskustannukset kuriin ja hygieniataso korkeimmalle mahdolliselle tasolle. Lintuestekisko ja Oravaeste ovat ymp\u00e4rist\u00f6yst\u00e4v\u00e4llisi\u00e4 ja ekologisia ratkaisuja, jotka auttavat ehk\u00e4isem\u00e4\u00e4n lintujen ja oravien aiheuttamia haittoja vahingoittamatta el\u00e4imi\u00e4 tai ymp\u00e4rist\u00f6\u00e4. N\u00e4iden esteiden avulla voidaan suojata rakennuksia, rakenteita ja julkisivuja [&hellip;]","og_url":"https:\/\/nobird.com\/","og_site_name":"No Birds - Bird Control Products","article_modified_time":"2025-02-27T08:25:48+00:00","og_image":[{"width":788,"height":456,"url":"https:\/\/nobird.com\/wp-content\/uploads\/2025\/02\/Lintuestekisko-blankko_3_11zon.jpg","type":"image\/jpeg"}],"twitter_card":"summary_large_image","twitter_misc":{"Arvioitu lukuaika":"2 minuuttia"},"schema":{"@context":"https:\/\/schema.org","@graph":[{"@type":"WebPage","@id":"https:\/\/nobird.com\/","url":"https:\/\/nobird.com\/","name":"No Birds Oy - No Birds - Bird Control Products","isPartOf":{"@id":"https:\/\/nobird.com\/#website"},"primaryImageOfPage":{"@id":"https:\/\/nobird.com\/#primaryimage"},"image":{"@id":"https:\/\/nobird.com\/#primaryimage"},"thumbnailUrl":"https:\/\/nobird.com\/wp-content\/uploads\/2025\/02\/Lintuestekisko-blankko_3_11zon.jpg","datePublished":"2024-07-20T17:54:28+00:00","dateModified":"2025-02-27T08:25:48+00:00","breadcrumb":{"@id":"https:\/\/nobird.com\/#breadcrumb"},"inLanguage":"fi","potentialAction":[{"@type":"ReadAction","target":["https:\/\/nobird.com\/"]}]},{"@type":"ImageObject","inLanguage":"fi","@id":"https:\/\/nobird.com\/#primaryimage","url":"https:\/\/nobird.com\/wp-content\/uploads\/2025\/02\/Lintuestekisko-blankko_3_11zon.jpg","contentUrl":"https:\/\/nobird.com\/wp-content\/uploads\/2025\/02\/Lintuestekisko-blankko_3_11zon.jpg","width":788,"height":456},{"@type":"BreadcrumbList","@id":"https:\/\/nobird.com\/#breadcrumb","itemListElement":[{"@type":"ListItem","position":1,"name":"Home","item":"https:\/\/nobird.com\/"},{"@type":"ListItem","position":2,"name":"No Birds Oy"}]},{"@type":"WebSite","@id":"https:\/\/nobird.com\/#website","url":"https:\/\/nobird.com\/","name":"No Birds - Bird Control Products","description":"","publisher":{"@id":"https:\/\/nobird.com\/#organization"},"potentialAction":[{"@type":"SearchAction","target":{"@type":"EntryPoint","urlTemplate":"https:\/\/nobird.com\/?s={search_term_string}"},"query-input":{"@type":"PropertyValueSpecification","valueRequired":true,"valueName":"search_term_string"}}],"inLanguage":"fi"},{"@type":"Organization","@id":"https:\/\/nobird.com\/#organization","name":"No Birds - Bird Control Products","url":"https:\/\/nobird.com\/","logo":{"@type":"ImageObject","inLanguage":"fi","@id":"https:\/\/nobird.com\/#\/schema\/logo\/image\/","url":"https:\/\/nobird.com\/wp-content\/uploads\/2020\/09\/cropped-logo-2.png","contentUrl":"https:\/\/nobird.com\/wp-content\/uploads\/2020\/09\/cropped-logo-2.png","width":282,"height":75,"caption":"No Birds - Bird Control Products"},"image":{"@id":"https:\/\/nobird.com\/#\/schema\/logo\/image\/"}}]}},"_links":{"self":[{"href":"https:\/\/nobird.com\/index.php?rest_route=\/wp\/v2\/pages\/786","targetHints":{"allow":["GET"]}}],"collection":[{"href":"https:\/\/nobird.com\/index.php?rest_route=\/wp\/v2\/pages"}],"about":[{"href":"https:\/\/nobird.com\/index.php?rest_route=\/wp\/v2\/types\/page"}],"author":[{"embeddable":true,"href":"https:\/\/nobird.com\/index.php?rest_route=\/wp\/v2\/users\/2"}],"replies":[{"embeddable":true,"href":"https:\/\/nobird.com\/index.php?rest_route=%2Fwp%2Fv2%2Fcomments&post=786"}],"version-history":[{"count":74,"href":"https:\/\/nobird.com\/index.php?rest_route=\/wp\/v2\/pages\/786\/revisions"}],"predecessor-version":[{"id":1098,"href":"https:\/\/nobird.com\/index.php?rest_route=\/wp\/v2\/pages\/786\/revisions\/1098"}],"wp:attachment":[{"href":"https:\/\/nobird.com\/index.php?rest_route=%2Fwp%2Fv2%2Fmedia&parent=786"}],"curies":[{"name":"wp","href":"https:\/\/api.w.org\/{rel}","templated":true}]}}